{"id":68,"date":"2023-11-23T19:23:01","date_gmt":"2023-11-23T18:23:01","guid":{"rendered":"https:\/\/www.tovefevang.no\/shop\/?post_type=product&#038;p=68"},"modified":"2024-07-17T17:59:18","modified_gmt":"2024-07-17T15:59:18","slug":"madeleine-sjal","status":"publish","type":"product","link":"https:\/\/www.tovefevang.no\/shop\/produkt\/madeleine-sjal\/","title":{"rendered":"Madeleine sjal"},"content":{"rendered":"<p><strong>ST\u00d8RRELSE:<\/strong><br \/>\nca. 58 x 200 cm oppstrukket<br \/>\n<strong>MATERIALER:<\/strong><br \/>\n<strong>Meadow fra The Fibre Company\u00a0<\/strong>(40% ull, 25% babylama, 20% silke, 15% lin) 100 g = ca. 498 m<br \/>\nDu trenger 500 g (=5 hesper \u00e1 100 g) til sjalet<br \/>\neller<br \/>\n<span style=\"font-size: revert;\"><strong>Ultra fra Jamiesons of Shetland,<\/strong> (50 % shetlandsull og 50 % lammeull ogs\u00e5 fra Shetland).<br \/>\nDu trenger 425 g (=17 n\u00f8ster \u00e1 25 g) til sjalet<br \/>\n<strong>Meadow garnet<\/strong> finner du her <a href=\"https:\/\/www.tovefevang.no\/shop\/produktkategori\/produkter\/garn\/fibre-company\/\">https:\/\/www.tovefevang.no\/shop\/produktkategori\/produkter\/garn\/fibre-company\/<\/a><br \/>\n<\/span><strong style=\"font-size: revert;\">Ultra garnet<\/strong><span style=\"font-size: revert;\"> finner du her:<\/span><a style=\"font-size: revert;\" href=\"https:\/\/www.tovefevang.no\/shop\/produktkategori\/produkter\/garn\/ultra\/\">https:\/\/www.tovefevang.no\/shop\/produktkategori\/produkter\/garn\/ultra\/<\/a><\/p>\n<p><strong>PINNER:<\/strong><br \/>\nRundpinne 60 cm nr. 2 \u00bd f.eks. ChiaoGoo<br \/>\nHer kan du lese mer om de beste pinnene jeg vet om <a href=\"https:\/\/www.tovefevang.no\/2022\/03\/02\/chiaogoo-strikkepinner-du-fortjener-det-beste-2\/\">https:\/\/www.tovefevang.no\/2022\/03\/02\/chiaogoo-strikkepinner-du-fortjener-det-beste-2\/<\/a><\/p>\n<p><strong>STRIKKEFASTHET:\u00a0<\/strong><br \/>\nMeadow eller Ultra ca. 34 m glattstrikk p\u00e5 p nr. 2 \u00bd = 10 cm<\/p>\n<p>Du f\u00e5r du en 25 siders pdf med oppskriften Madeleine, inkludert diagrammer, mange teknikk videoer til de ulike strukturene og strikketeknikker. Oppskriften har ogs\u00e5 detaljbilder av alle de ulike strukturene. Det blir et helt lite bibliotek av strukturm\u00f8nstre som ogs\u00e5 kan brukes til mye annet innen strikk.<br \/>\nTips! Oppskriften kan ogs\u00e5 fint brukes til f.eks. babytepper, da forkorter du langsiden av sjalet til passende lengde til et teppe og avslutter med siste delen av sjalet.<\/p>\n<p><a href=\"https:\/\/www.tovefevang.no\/blog\/2023\/02\/02\/madeleine-sjal-oppskrift\/\">Les mer om Madeleine sjalet her.<\/a><\/p>\n","protected":false},"excerpt":{"rendered":"<p>ST\u00d8RRELSE: ca. 58 x 200 cm oppstrukket MATERIALER: Meadow fra The Fibre Company\u00a0(40% ull, 25% babylama, 20% silke, 15% lin) 100 g = ca. 498 m Du trenger 500 g (=5 hesper \u00e1 100 g) til sjalet eller Ultra fra Jamiesons of Shetland, (50 % shetlandsull og 50 % lammeull ogs\u00e5 fra Shetland). Du trenger [&hellip;]<\/p>\n","protected":false},"author":4,"featured_media":69,"template":"","meta":{"advgb_blocks_editor_width":"","advgb_blocks_columns_visual_guide":""},"product_brand":[],"product_cat":[29],"product_tag":[],"class_list":{"0":"post-68","1":"product","2":"type-product","3":"status-publish","4":"has-post-thumbnail","6":"product_cat-sjerfogsjal","8":"first","9":"instock","10":"downloadable","11":"virtual","12":"sold-individually","13":"taxable","14":"purchasable","15":"product-type-simple"},"yoast_head":"<!-- This site is optimized with the Yoast SEO plugin v27.4 - https:\/\/yoast.com\/product\/yoast-seo-wordpress\/ -->\n<title>Madeleine sjal - Idestuen AS - Tove Fevang<\/title>\n<meta name=\"robots\" content=\"index, follow, max-snippet:-1, max-image-preview:large, max-video-preview:-1\" \/>\n<link rel=\"canonical\" href=\"https:\/\/www.tovefevang.no\/shop\/produkt\/madeleine-sjal\/\" \/>\n<meta property=\"og:locale\" content=\"nb_NO\" \/>\n<meta property=\"og:type\" content=\"article\" \/>\n<meta property=\"og:title\" content=\"Madeleine sjal - Idestuen AS - Tove Fevang\" \/>\n<meta property=\"og:description\" content=\"ST\u00d8RRELSE: ca. 58 x 200 cm oppstrukket MATERIALER: Meadow fra The Fibre Company\u00a0(40% ull, 25% babylama, 20% silke, 15% lin) 100 g = ca. 498 m Du trenger 500 g (=5 hesper \u00e1 100 g) til sjalet eller Ultra fra Jamiesons of Shetland, (50 % shetlandsull og 50 % lammeull ogs\u00e5 fra Shetland). Du trenger [&hellip;]\" \/>\n<meta property=\"og:url\" content=\"https:\/\/www.tovefevang.no\/shop\/produkt\/madeleine-sjal\/\" \/>\n<meta property=\"og:site_name\" content=\"Idestuen AS - Tove Fevang\" \/>\n<meta property=\"article:publisher\" content=\"https:\/\/www.facebook.com\/tovefevang.no\" \/>\n<meta property=\"article:modified_time\" content=\"2024-07-17T15:59:18+00:00\" \/>\n<meta property=\"og:image\" content=\"https:\/\/www.tovefevang.no\/shop\/wp-content\/uploads\/sites\/2\/2023\/11\/madeleine-sjal.jpeg\" \/>\n\t<meta property=\"og:image:width\" content=\"939\" \/>\n\t<meta property=\"og:image:height\" content=\"1200\" \/>\n\t<meta property=\"og:image:type\" content=\"image\/jpeg\" \/>\n<meta name=\"twitter:card\" content=\"summary_large_image\" \/>\n<meta name=\"twitter:label1\" content=\"Ansl. lesetid\" \/>\n\t<meta name=\"twitter:data1\" content=\"2 minutter\" \/>\n<script type=\"application\/ld+json\" class=\"yoast-schema-graph\">{\"@context\":\"https:\\\/\\\/schema.org\",\"@graph\":[{\"@type\":\"WebPage\",\"@id\":\"https:\\\/\\\/www.tovefevang.no\\\/shop\\\/produkt\\\/madeleine-sjal\\\/\",\"url\":\"https:\\\/\\\/www.tovefevang.no\\\/shop\\\/produkt\\\/madeleine-sjal\\\/\",\"name\":\"Madeleine sjal - Idestuen AS - Tove Fevang\",\"isPartOf\":{\"@id\":\"https:\\\/\\\/www.tovefevang.no\\\/shop\\\/#website\"},\"primaryImageOfPage\":{\"@id\":\"https:\\\/\\\/www.tovefevang.no\\\/shop\\\/produkt\\\/madeleine-sjal\\\/#primaryimage\"},\"image\":{\"@id\":\"https:\\\/\\\/www.tovefevang.no\\\/shop\\\/produkt\\\/madeleine-sjal\\\/#primaryimage\"},\"thumbnailUrl\":\"https:\\\/\\\/www.tovefevang.no\\\/shop\\\/wp-content\\\/uploads\\\/sites\\\/2\\\/2023\\\/11\\\/madeleine-sjal.jpeg\",\"datePublished\":\"2023-11-23T18:23:01+00:00\",\"dateModified\":\"2024-07-17T15:59:18+00:00\",\"breadcrumb\":{\"@id\":\"https:\\\/\\\/www.tovefevang.no\\\/shop\\\/produkt\\\/madeleine-sjal\\\/#breadcrumb\"},\"inLanguage\":\"nb-NO\",\"potentialAction\":[{\"@type\":\"ReadAction\",\"target\":[\"https:\\\/\\\/www.tovefevang.no\\\/shop\\\/produkt\\\/madeleine-sjal\\\/\"]}]},{\"@type\":\"ImageObject\",\"inLanguage\":\"nb-NO\",\"@id\":\"https:\\\/\\\/www.tovefevang.no\\\/shop\\\/produkt\\\/madeleine-sjal\\\/#primaryimage\",\"url\":\"https:\\\/\\\/www.tovefevang.no\\\/shop\\\/wp-content\\\/uploads\\\/sites\\\/2\\\/2023\\\/11\\\/madeleine-sjal.jpeg\",\"contentUrl\":\"https:\\\/\\\/www.tovefevang.no\\\/shop\\\/wp-content\\\/uploads\\\/sites\\\/2\\\/2023\\\/11\\\/madeleine-sjal.jpeg\",\"width\":939,\"height\":1200},{\"@type\":\"BreadcrumbList\",\"@id\":\"https:\\\/\\\/www.tovefevang.no\\\/shop\\\/produkt\\\/madeleine-sjal\\\/#breadcrumb\",\"itemListElement\":[{\"@type\":\"ListItem\",\"position\":1,\"name\":\"Hjem\",\"item\":\"https:\\\/\\\/www.tovefevang.no\\\/shop\\\/\"},{\"@type\":\"ListItem\",\"position\":2,\"name\":\"Nettbutikk\",\"item\":\"https:\\\/\\\/www.tovefevang.no\\\/shop\\\/butikk\\\/\"},{\"@type\":\"ListItem\",\"position\":3,\"name\":\"Madeleine sjal\"}]},{\"@type\":\"WebSite\",\"@id\":\"https:\\\/\\\/www.tovefevang.no\\\/shop\\\/#website\",\"url\":\"https:\\\/\\\/www.tovefevang.no\\\/shop\\\/\",\"name\":\"Idestuen AS - Tove Fevang\",\"description\":\"Idestuen AS - Tove Fevang\",\"publisher\":{\"@id\":\"https:\\\/\\\/www.tovefevang.no\\\/shop\\\/#organization\"},\"potentialAction\":[{\"@type\":\"SearchAction\",\"target\":{\"@type\":\"EntryPoint\",\"urlTemplate\":\"https:\\\/\\\/www.tovefevang.no\\\/shop\\\/?s={search_term_string}\"},\"query-input\":{\"@type\":\"PropertyValueSpecification\",\"valueRequired\":true,\"valueName\":\"search_term_string\"}}],\"inLanguage\":\"nb-NO\"},{\"@type\":\"Organization\",\"@id\":\"https:\\\/\\\/www.tovefevang.no\\\/shop\\\/#organization\",\"name\":\"Idestuen AS - Tove Fevang\",\"url\":\"https:\\\/\\\/www.tovefevang.no\\\/shop\\\/\",\"logo\":{\"@type\":\"ImageObject\",\"inLanguage\":\"nb-NO\",\"@id\":\"https:\\\/\\\/www.tovefevang.no\\\/shop\\\/#\\\/schema\\\/logo\\\/image\\\/\",\"url\":\"https:\\\/\\\/www.tovefevang.no\\\/shop\\\/wp-content\\\/uploads\\\/sites\\\/2\\\/2023\\\/11\\\/tovefevang-logo-1950_500.png\",\"contentUrl\":\"https:\\\/\\\/www.tovefevang.no\\\/shop\\\/wp-content\\\/uploads\\\/sites\\\/2\\\/2023\\\/11\\\/tovefevang-logo-1950_500.png\",\"width\":708,\"height\":181,\"caption\":\"Idestuen AS - Tove Fevang\"},\"image\":{\"@id\":\"https:\\\/\\\/www.tovefevang.no\\\/shop\\\/#\\\/schema\\\/logo\\\/image\\\/\"},\"sameAs\":[\"https:\\\/\\\/www.facebook.com\\\/tovefevang.no\"]}]}<\/script>\n<!-- \/ Yoast SEO plugin. -->","yoast_head_json":{"title":"Madeleine sjal - Idestuen AS - Tove Fevang","robots":{"index":"index","follow":"follow","max-snippet":"max-snippet:-1","max-image-preview":"max-image-preview:large","max-video-preview":"max-video-preview:-1"},"canonical":"https:\/\/www.tovefevang.no\/shop\/produkt\/madeleine-sjal\/","og_locale":"nb_NO","og_type":"article","og_title":"Madeleine sjal - Idestuen AS - Tove Fevang","og_description":"ST\u00d8RRELSE: ca. 58 x 200 cm oppstrukket MATERIALER: Meadow fra The Fibre Company\u00a0(40% ull, 25% babylama, 20% silke, 15% lin) 100 g = ca. 498 m Du trenger 500 g (=5 hesper \u00e1 100 g) til sjalet eller Ultra fra Jamiesons of Shetland, (50 % shetlandsull og 50 % lammeull ogs\u00e5 fra Shetland). Du trenger [&hellip;]","og_url":"https:\/\/www.tovefevang.no\/shop\/produkt\/madeleine-sjal\/","og_site_name":"Idestuen AS - Tove Fevang","article_publisher":"https:\/\/www.facebook.com\/tovefevang.no","article_modified_time":"2024-07-17T15:59:18+00:00","og_image":[{"width":939,"height":1200,"url":"https:\/\/www.tovefevang.no\/shop\/wp-content\/uploads\/sites\/2\/2023\/11\/madeleine-sjal.jpeg","type":"image\/jpeg"}],"twitter_card":"summary_large_image","twitter_misc":{"Ansl. lesetid":"2 minutter"},"schema":{"@context":"https:\/\/schema.org","@graph":[{"@type":"WebPage","@id":"https:\/\/www.tovefevang.no\/shop\/produkt\/madeleine-sjal\/","url":"https:\/\/www.tovefevang.no\/shop\/produkt\/madeleine-sjal\/","name":"Madeleine sjal - Idestuen AS - Tove Fevang","isPartOf":{"@id":"https:\/\/www.tovefevang.no\/shop\/#website"},"primaryImageOfPage":{"@id":"https:\/\/www.tovefevang.no\/shop\/produkt\/madeleine-sjal\/#primaryimage"},"image":{"@id":"https:\/\/www.tovefevang.no\/shop\/produkt\/madeleine-sjal\/#primaryimage"},"thumbnailUrl":"https:\/\/www.tovefevang.no\/shop\/wp-content\/uploads\/sites\/2\/2023\/11\/madeleine-sjal.jpeg","datePublished":"2023-11-23T18:23:01+00:00","dateModified":"2024-07-17T15:59:18+00:00","breadcrumb":{"@id":"https:\/\/www.tovefevang.no\/shop\/produkt\/madeleine-sjal\/#breadcrumb"},"inLanguage":"nb-NO","potentialAction":[{"@type":"ReadAction","target":["https:\/\/www.tovefevang.no\/shop\/produkt\/madeleine-sjal\/"]}]},{"@type":"ImageObject","inLanguage":"nb-NO","@id":"https:\/\/www.tovefevang.no\/shop\/produkt\/madeleine-sjal\/#primaryimage","url":"https:\/\/www.tovefevang.no\/shop\/wp-content\/uploads\/sites\/2\/2023\/11\/madeleine-sjal.jpeg","contentUrl":"https:\/\/www.tovefevang.no\/shop\/wp-content\/uploads\/sites\/2\/2023\/11\/madeleine-sjal.jpeg","width":939,"height":1200},{"@type":"BreadcrumbList","@id":"https:\/\/www.tovefevang.no\/shop\/produkt\/madeleine-sjal\/#breadcrumb","itemListElement":[{"@type":"ListItem","position":1,"name":"Hjem","item":"https:\/\/www.tovefevang.no\/shop\/"},{"@type":"ListItem","position":2,"name":"Nettbutikk","item":"https:\/\/www.tovefevang.no\/shop\/butikk\/"},{"@type":"ListItem","position":3,"name":"Madeleine sjal"}]},{"@type":"WebSite","@id":"https:\/\/www.tovefevang.no\/shop\/#website","url":"https:\/\/www.tovefevang.no\/shop\/","name":"Idestuen AS - Tove Fevang","description":"Idestuen AS - Tove Fevang","publisher":{"@id":"https:\/\/www.tovefevang.no\/shop\/#organization"},"potentialAction":[{"@type":"SearchAction","target":{"@type":"EntryPoint","urlTemplate":"https:\/\/www.tovefevang.no\/shop\/?s={search_term_string}"},"query-input":{"@type":"PropertyValueSpecification","valueRequired":true,"valueName":"search_term_string"}}],"inLanguage":"nb-NO"},{"@type":"Organization","@id":"https:\/\/www.tovefevang.no\/shop\/#organization","name":"Idestuen AS - Tove Fevang","url":"https:\/\/www.tovefevang.no\/shop\/","logo":{"@type":"ImageObject","inLanguage":"nb-NO","@id":"https:\/\/www.tovefevang.no\/shop\/#\/schema\/logo\/image\/","url":"https:\/\/www.tovefevang.no\/shop\/wp-content\/uploads\/sites\/2\/2023\/11\/tovefevang-logo-1950_500.png","contentUrl":"https:\/\/www.tovefevang.no\/shop\/wp-content\/uploads\/sites\/2\/2023\/11\/tovefevang-logo-1950_500.png","width":708,"height":181,"caption":"Idestuen AS - Tove Fevang"},"image":{"@id":"https:\/\/www.tovefevang.no\/shop\/#\/schema\/logo\/image\/"},"sameAs":["https:\/\/www.facebook.com\/tovefevang.no"]}]}},"featured_img":"https:\/\/www.tovefevang.no\/shop\/wp-content\/uploads\/sites\/2\/2023\/11\/madeleine-sjal.jpeg","coauthors":[],"author_meta":{"author_link":"https:\/\/www.tovefevang.no\/shop\/author\/geiradmin\/","display_name":"Geir Arnesen"},"relative_dates":{"created":"Publisert 2 \u00e5r siden","modified":"Oppdatert 2 \u00e5r siden"},"absolute_dates":{"created":"Publisert 23. november 2023","modified":"Oppdatert 17. juli 2024"},"absolute_dates_time":{"created":"Publisert 23. november 2023 19:23","modified":"Oppdatert 17. juli 2024 17:59"},"featured_img_caption":"","tax_additional":{"product_brand":{"linked":[],"unlinked":[],"slug":"product_brand","name":"Merker"},"product_type":{"linked":["<a href=\"https:\/\/www.tovefevang.no\/shop\/?taxonomy=product_type&#038;term=simple\" class=\"advgb-post-tax-term\">simple<\/a>"],"unlinked":["<span class=\"advgb-post-tax-term\">simple<\/span>"],"slug":"product_type","name":"Produkttype"},"product_visibility":{"linked":[],"unlinked":[],"slug":"product_visibility","name":"Produktsynlighet"},"product_cat":{"linked":["<a href=\"https:\/\/www.tovefevang.no\/shop\/produktkategori\/produkter\/oppskrift\/sjerfogsjal\/\" class=\"advgb-post-tax-term\">Skjerf og sjal<\/a>"],"unlinked":["<span class=\"advgb-post-tax-term\">Skjerf og sjal<\/span>"],"slug":"product_cat","name":"Produktkategorier"},"product_tag":{"linked":[],"unlinked":[],"slug":"product_tag","name":"Produktstikkord"},"product_shipping_class":{"linked":[],"unlinked":[],"slug":"product_shipping_class","name":"Produkt leveringsklasse"},"pos_product_visibility":{"linked":[],"unlinked":[],"slug":"pos_product_visibility","name":"POS Product visibility"},"pa_color":{"linked":[],"unlinked":[],"slug":"pa_color","name":"Produkt Farge"},"pa_size":{"linked":[],"unlinked":[],"slug":"pa_size","name":"Produkt St\u00f8rrelse"}},"series_order":"","_links":{"self":[{"href":"https:\/\/www.tovefevang.no\/shop\/wp-json\/wp\/v2\/product\/68","targetHints":{"allow":["GET"]}}],"collection":[{"href":"https:\/\/www.tovefevang.no\/shop\/wp-json\/wp\/v2\/product"}],"about":[{"href":"https:\/\/www.tovefevang.no\/shop\/wp-json\/wp\/v2\/types\/product"}],"wp:featuredmedia":[{"embeddable":true,"href":"https:\/\/www.tovefevang.no\/shop\/wp-json\/wp\/v2\/media\/69"}],"wp:attachment":[{"href":"https:\/\/www.tovefevang.no\/shop\/wp-json\/wp\/v2\/media?parent=68"}],"wp:term":[{"taxonomy":"product_brand","embeddable":true,"href":"https:\/\/www.tovefevang.no\/shop\/wp-json\/wp\/v2\/product_brand?post=68"},{"taxonomy":"product_cat","embeddable":true,"href":"https:\/\/www.tovefevang.no\/shop\/wp-json\/wp\/v2\/product_cat?post=68"},{"taxonomy":"product_tag","embeddable":true,"href":"https:\/\/www.tovefevang.no\/shop\/wp-json\/wp\/v2\/product_tag?post=68"}],"curies":[{"name":"wp","href":"https:\/\/api.w.org\/{rel}","templated":true}]}}